ivided by f(s).
9
What is the remainder when ((-26278)/21 + 7/21)/(-1) is divided by 23?
9
Let c(h) = -h**2 - 11*h - 9. Let q(w) = 6*w**2 + 56*w + 46. Let d(b) = -11*c(b) - 2*q(b). Calculate the remainder when 50 is divided by d(5).
23
Let q = 1468 - 646. Suppose 522*p = 516*p + q. What is the remainder when p is divided by 14?
11
Let i = -3778 - -3839. What is the remainder when 831 is divided by i?
38
Let i(m) = -10*m - 56. Let y be i(-6). Suppose -2*z + y = 0, -4*h + z + 285 = 27. What is the remainder when h is divided by 27?
11
Suppose 53*i - 692 = 3230. Let d(b) = b**3 + b**2 + 15. What is the remainder when i is divided by d(0)?
14
Suppose 13*s - 5*s - 424 = 0. Let z(u) = u**3 + 8*u**2 + u + 8. Let v be z(-8). Calculate the remainder when s is divided by (-33)/(-22)*(v + -6)*-3.
26
Let s = 355 + -355. Let i(d) = d**3 + 8*d**2 + 8*d - 4. What is the remainder when 2 + s + (-128)/(-4) + 5 is divided by i(-6)?
19
Suppose 4*f = 183 + 549. Let w(t) = t**3 - 2*t**2 - 18*t - 12. Let u be w(-4). What is the remainder when f is divided by (-249)/(-4) - (u/(-16) - 2)?
59
Let i = -14436 + 15916. What is the remainder when i is divided by 26?
24
Let s be -14 + 11 + (3 - -1). What is the remainder when (-3)/(-2)*s + (-94)/(-4) is divided by 7?
4
Calculate the remainder when 905 is divided by (-7)/((-105)/25) - (-2 - 201/9).
21
Let l(j) = -102*j + 509. Let d be l(5). Suppose 0 = -3*m - 4*y + 10, 5*y + 11 + 14 = 0. What is the remainder when m + -7 + d + 52 is divided by 29?
25
Let q(x) = -9*x - 5. Let p(a) = 22*a**2 - 10*a + 76. Calculate the remainder when p(3) is divided by q(-2).
10
Let j = 122 + 23. Suppose -5*m = 5*x - j, x = -x + 3*m + 38. Calculate the remainder when 35 is divided by x.
10
Let v = 3415 - 2408. Calculate the remainder when v is divided by 42.
41
Calculate the remainder when (-3)/5 - (-15)/(1875/391700) is divided by 2.
1
Let n = 269 + -165. Suppose l + 4*y = 68, 0*l - 5*y - n = -l. Suppose -v = 3*m - 15 - 35, -m = 5*v - 222. Calculate the remainder when l is divided by v.
40
Suppose 0 = -23*z - 20*z + 3612. What is the remainder when 165 is divided by z?
81
Suppose 0 = 214*p - 232*p + 8370. Calculate the remainder when p is divided by 18.
15
What is the remainder when 580 + 3 + -3 + (-14 - -12) is divided by 98?
88
Suppose 0 = -q - 2*p + 11, 27*p - 110 = -4*q + 30*p. Let x be (4/2 - -1)*-1. What is the remainder when x + 1 - (3 + -49) is divided by q?
21
Suppose 81*t = -120*t + 9648. What is the remainder when 74 is divided by t?
26
Let w(a) = -a**2 + 19*a + 2. Let g = 217 - 199. What is the remainder when 178 is divided by w(g)?
18
Let w be (-2 - -5)*(0 + 1). Calculate the remainder when 50 - (6 + (3 - w)) is divided by 18.
8
Let b = 11288 + -11223. What is the remainder when 135 is divided by b?
5
Suppose 3*w - 6 = 9*w. Suppose 3*f = 4*p - 8, -3*p + 7 = 4*f + 1. What is the remainder when 36 is divided by 5*(0 - p/w)?
6
Let q(w) = 24*w - 23. Let l be q(7). Let x = 154 - l. Suppose -120 = -5*p + 2*p. Calculate the remainder when p is divided by x.
4
Let l be 3/(-15) - (-22)/10. Suppose -l*n - 2*x + 94 = 0, n - 57 = -4*x - 10. Suppose 22*h = 19*h + 36. Calculate the remainder when n is divided by h.
11
Let t(w) = 3*w**2 - 65*w + 623. Calculate the remainder when t(12) is divided by 271.
4
Suppose -2*x - 5*p + 1199 = 0, -572*x - 2*p + 1837 = -569*x. Calculate the remainder when x is divided by 89.
83
Let z(b) = 8*b**2 - 23*b + 58. What is the remainder when 839 is divided by z(4)?
87
Suppose -8*l + 10*l = 4*y + 722, 724 = 2*l - 2*y. Suppose -10*j - j = -l. Calculate the remainder when 88 is divided by j.
22
Let j be (0 + -4)*(-1)/2*3. Suppose a + 35 = 2*w, -j*w = 4*a - w + 192. Let s = 119 + a. What is the remainder when s is divided by 39?
37
Suppose -789*c + 397*c = -396*c + 212. What is the remainder when 3707 is divided by c?
50
Let q(f) = 19 - 2*f**3 + 10 - 9 + f**3. Suppose -2*l - 55 = -3*l + 4*o, 298 = 5*l + 3*o. Calculate the remainder when l is divided by q(0).
19
Let f = -17 + 24. Suppose 3*p = 3*s - 96, 5*s - s - 5*p - 133 = 0. Suppose 3*k = 9 + s. Calculate the remainder when k is divided by f.
5
What is the remainder when 26121 is divided by (-4 - 132/(-24))*50 - 1?
73
What is the remainder when 362 is divided by 2/30 - 1/((-90)/15204)?
24
Suppose -n + g = -233, -708 = -3*n + 2*g + 4*g. Calculate the remainder when 8736 is divided by n.
226
Let b be ((-7)/(-5))/(31/310). Suppose -5*h + b*h = 6624. What is the remainder when h/12*(-12)/(-8) is divided by 25?
17
Suppose -5*s = -25, 3*s - 65 = -5*m - s. Suppose r + 33 = 5*y, -m*y = -6*y + 4*r - 29. What is the remainder when 221 is divided by y?
4
Let i(k) = 453*k + 50. Let q be i(1). Suppose 18*n - 361 - q = 0. What is the remainder when 91 is divided by n?
43
What is the remainder when 134 is divided by ((-18)/(-8))/(35/(-12) + 3)?
26
Calculate the remainder when -14 + (7 - -13) + (-3)/1 + 663 is divided by 660.
6
Suppose 5*f = -17 + 427. Suppose -279650 + 137689 = -70*b - 131111. What is the remainder when b is divided by f?
73
Suppose -26*s - 7296 = -11404. Suppose -3*g = -5*g + 32. What is the remainder when s is divided by g?
14
Let r(q) = 25*q**2 - 12*q - 9. What is the remainder when 938 is divided by r(-3)?
182
Let j(d) = -d**3 + 19*d**2 - 24*d - 24. What is the remainder when j(8) is divided by 69?
5
Let c(i) = i**3 - 9*i**2 - 18*i - 42. Let b be c(11). Let k = 116 + b. What is the remainder when k is divided by 27?
10
Suppose 0 = -4*i - i + 35. Let k(a) = -a + 84. Let w be k(15). Suppose 0 = 12*l + w - 813. What is the remainder when l is divided by i?
6
Let z(y) = 14*y - 354. Calculate the remainder when 200 is divided by z(29).
44
Suppose 14*x = x + 169. Suppose j - 4*u - 90 = x, 4*j = u + 367. What is the remainder when j is divided by 24?
19
Let k(j) = -2*j**2 + 47*j - 103. Let n be k(21). Suppose -5*h + z = -119, -n*h - 6*z + 3*z = -51. What is the remainder when 98 is divided by h?
2
Let y(h) = 3*h**2 + 5*h + 4. Let m be 12/(-15) - (-558)/10. Let u = m + -25. Calculate the remainder when y(-5) is divided by u.
24
Let m be 370/111*(-18)/(-10). Suppose -f + 4*u = -18, -3*f - 3*u - m + 30 = 0. What is the remainder when 21 is divided by f?
1
Let q(f) = -3*f**2 - 32*f - 14. Calculate the remainder when 565 is divided by q(-7).
61
Let b(u) = 12*u - 142. Let i be b(12). Suppose q = 5*r - 569, -i*q - 117 = -r - 5*q. What is the remainder when r is divided by 25?
14
Suppose -23*y = -28*y + 105. Let b be 4/(2*14) - (-543)/y. Suppose 0 = -d, 33 + b = k - 5*d. What is the remainder when k is divided by 9?
5
Suppose 6*o - 694 + 4 = 0. Suppose -5*f - o = -315. Calculate the remainder when 77 is divided by f.
37
Let c be ((-10)/(-2))/1*(-12)/(-20). Suppose c*u = 6 + 18. What is the remainder when ((-34)/(-6) + 2)/(u/24) is divided by 13?
10
Suppose -40*p - 4 = -36*p. Calculate the remainder when 160 is divided by 327/13 + 8/52*p.
10
Calculate the remainder when 239 is divided by 12/(-4)*(-75 - 1)*164/246.
87
Suppose -2*n + 4*h = -72, -15*n - 120 = -19*n + 4*h. What is the remainder when 1198 is divided by n?
22
Suppose 5*n = 2*v + 4*n - 37, -2*n + 79 = 5*v. Suppose -a + v - 16 = 0. What is the remainder when a*2/(-8) + 66/8 is divided by 7?
1
Suppose 4*d + 77 - 21 = 0. Let c = d - -17. Calculate the remainder when 56 is divided by c.
2
Suppose -4*y + 5*r + 1305 = 0, 95*r - 15 = 90*r. What is the remainder when y is divided by 166?
164
Let j = -119070 + 119090. Let y(n) = 12*n**2 - 4*n + 3. Calculate the remainder when y(-4) is divided by j.
11
Let d(t) = t**3 + 9*t**2 - 7*t + 6. Let l be d(-10). Let b = l - -52. Calculate the remainder when b is divided by 6 - 2 - 42/(-6).
6
Let m be (-53898)/(-91) + (-5)/(-7). Let r = -587 + m. What is the remainder when 323 is divided by r?
5
Let i(r) = 6 - 4*r - 3*r - r + 2*r**2. Suppose 0 = 5*q + 4*a - 2 - 35, -a = -4*q + 17. Calculate the remainder when i(q) is divided by 6.
4
Let j(z) = -z**3 + 14*z**2 - 16*z + 43. What is the remainder when j(8) is divided by 111?
77
Let j(f) = -43*f + 3213. What is the remainder when j(72) is divided by 73?
44
Let u = -8 + 17. Suppose 0 = -u*x + 65 + 304. Suppose 2*k - 6*k = f - 80, k = 5*f + x. What is the remainder when 61 is divided by k?
19
Let y be (-11 - -16)*52/(-5). Let h = -246